71 divide 100023653?
False
Does 89 divide 97599?
False
Is 150 a factor of 402051600?
True
Is 3236 a factor of 690222620?
True
Is 9 a factor of 87469677?
True
Is 10 a factor of 36360130?
True
Is 47536447 a multiple of 653?
False
Does 10 divide 26352170?
True
Does 3113 divide 267935910?
True
Does 16 divide 42245456?
True
Does 86 divide 352852066?
True
Is 12840 a factor of 2624329080?
True
Is 642 a factor of 7264872?
True
Is 245 a factor of 69655328?
False
Does 19 divide 642135?
False
Is 418 a factor of 264456936?
False
Is 53731055 a multiple of 203?
True
Does 221 divide 481686517?
True
Is 545307394 a multiple of 249?
False
Is 104 a factor of 1157208?
True
Is 23916696 a multiple of 12?
True
Is 6353 a factor of 346003439?
True
Is 1527831282 a multiple of 281?
True
Is 108170792 a multiple of 156?
False
Does 41 divide 1008896686?
False
Is 25522887 a multiple of 39?
True
Is 396918441 a multiple of 27?
True
Is 479236496 a multiple of 61?
True
Is 28 a factor of 43836788?
False
Is 386 a factor of 263838720?
True
Is 38 a factor of 9001972?
True
Does 22 divide 288706748?
True
Is 264149901 a multiple of 37?
False
Is 17 a factor of 1034042697?
True
Does 59 divide 384323345?
True
Is 11406606 a multiple of 584?
False
Is 384 a factor of 258560640?
True
Does 1786 divide 57526199?
False
Is 203466673 a multiple of 7?
False
Is 62 a factor of 670992210?
True
Does 9 divide 302879420?
False
Is 53238180 a multiple of 3?
True
Does 5 divide 79452125?
True
Is 10246477 a multiple of 205?
False
Does 28 divide 24045099?
False
Is 70 a factor of 70949130?
True
Is 1009401351 a multiple of 2897?
False
Is 6727 a factor of 1282866570?
False
Is 57020954 a multiple of 26?
False
Does 20 divide 1495261467?
False
Does 464 divide 1197830736?
False
Is 326234622 a multiple of 483?
True
Does 2845 divide 1241737235?
True
Is 10988614 a multiple of 349?
True
Is 73 a factor of 1495645535?
True
Is 4326 a factor of 1430720676?
True
Does 3800 divide 27926200?
True
Does 26 divide 83099083?
False
Is 300 a factor of 206385600?
True
Is 259858416 a multiple of 1356?
True
Is 244 a factor of 696696616?
True
Is 69790273 a multiple of 1297?
True
Does 845 divide 54356562?
False
Does 6 divide 54049156?
False
Is 211 a factor of 452533501?
False
Is 120944998 a multiple of 12?
False
Is 88 a factor of 206396808?
False
Is 2494325 a multiple of 17?
True
Is 145404770 a multiple of 14?
True
Is 14 a factor of 11859454?
False
Does 2238 divide 21090912?
True
Is 1136 a factor of 72058752?
True
Is 823705344 a multiple of 3168?
True
Does 439 divide 109208443?
False
Is 349 a factor of 2482622?
False
Is 128405764 a multiple of 34?
False
Does 144 divide 101781494?
False
Is 909 a factor of 236498166?
True
Is 1066203073 a multiple of 12?
False
Does 31 divide 95135156?
True
Is 645 a factor of 71078355?
True
Does 103 divide 34177769?
True
Is 266225892 a multiple of 93?
True
Does 396 divide 1162265660?
False
Does 36 divide 764867160?
True
Is 32741008 a multiple of 284?
False
Does 440 divide 1580852680?
True
Does 600 divide 91021480?
False
Is 671619204 a multiple of 17?
True
Does 826 divide 503624590?
True
Does 15 divide 8247720?
True
Is 4024 a factor of 32642688?
True
Is 1377 a factor of 40150627?
False
Is 141 a factor of 46539729?
True
Is 24991627 a multiple of 21?
False
Is 4 a factor of 24181940?
True
Is 364 a factor of 700033777?
False
Does 984 divide 168509016?
True
Is 94 a factor of 145888?
True
Does 952 divide 22462440?
True
Does 1442 divide 28157934?
True
Is 280260374 a multiple of 2763?
False
Is 11 a factor of 1451723?
False
Is 37001510 a multiple of 13?
True
Is 49 a factor of 1602049365?
True
Is 22059238 a multiple of 91?
False
Is 19057628 a multiple of 410?
False
Does 2296 divide 2074224768?
True
Does 10 divide 41966474?
False
Does 5 divide 40083277?
False
Does 73 divide 15413512?
True
Does 71 divide 281090132?
False
Does 27 divide 3695390958?
False
Is 65281156 a multiple of 37?
False
Is 175716568 a multiple of 29?
True
Is 602 a factor of 28666669?
False
Is 4339375 a multiple of 159?
False
Is 17183549 a multiple of 1422?
False
Is 1574 a factor of 64453726?
True
Is 36 a factor of 30282516?
True
Does 3381 divide 738171966?
False
Is 128996640 a multiple of 36?
True
Does 2942 divide 890275678?
True
Is 46 a factor of 11523828?
True
Is 242518563 a multiple of 1666?
False
Is 68661315 a multiple of 45?
True
Is 258669936 a multiple of 84?
True
Is 527696 a multiple of 17?
False
Does 3 divide 32865272?
False
Is 22159172 a multiple of 49?
True
Is 1185 a factor of 20040307?
False
Is 71423040 a multiple of 64?
True
Is 74 a factor of 3306237268?
True
Is 49 a factor of 5260393617?
False
Does 6 divide 209443?
False
Is 22 a factor of 19060206?
True
Does 555 divide 1288251015?
True
Is 51 a factor of 26257299?
True
Is 565 a factor of 1302161387?
False
Is 184 a factor of 36351351?
False
Does 559 divide 41286864?
False
Does 29 divide 24064863?
False
Is 1098295439 a multiple of 88?
False
Is 71 a factor of 21317549?
False
Does 3129 divide 537209662?
False
Is 53 a factor of 16079319?
False
Is 15432504 a multiple of 110?
False
Is 14 a factor of 810117818?
False
Does 943 divide 1870650789?
True
Is 250 a factor of 241733500?
True
Is 175318685 a multiple of 15?
False
Is 378 a factor of 90254304?
True
Is 372 a factor of 221084064?
True
Is 713510 a multiple of 3?
False
Is 1940898063 a multiple of 39?
True
Does 3 divide 608650933?
False
Is 419 a factor of 5242157?
False
Is 84414340 a multiple of 2302?
True
Is 146770137 a multiple of 22?
False
Is 93162079 a multiple of 4?
False
Is 67933382 a multiple of 80?
False
Does 64 divide 10238478?
False
Is 6 a factor of 4137768?
True
Is 1521230755 a multiple of 5446?
False
Is 32943702 a multiple of 451?
False
Is 31 a factor of 248516?
False
Is 12 a factor of 3931237164?
True
Is 775723205 a multiple of 10847?
True
Is 6 a factor of 37282656?
True
Does 40 divide 29357328?
False
Is 299 a factor of 410778476?
False
Does 57 divide 638900122?
False
Is 380508495 a multiple of 393?
True
Does 22 divide 72166798?
True
Does 1485 divide 302071879?
False
Is 1084585220 a multiple of 916?
True
Is 44 a factor of 44545880?
False
Is 22 a factor of 11520300?
True
Does 56 divide 19806051?
False
Is 140622370 a multiple of 158?
True
Is 556048789 a multiple of 184?
False
Is 27075930 a multiple of 70?
True
Is 58 a factor of 1172076443?
False
Does 34 divide 545661920?
True
Does 141 divide 480097412?
False
Does 6 divide 69947436?
True
Does 91 divide 55721302?
True
Is 865 a factor of 88368400?
True
Is 44 a factor of 1916825?
False
Is 218172042 a multiple of 38?
False
Does 120 divide 28306440?
True
Is 35837103 a multiple of 733?
True
Is 19042308 a multiple of 113?
True
Is 89 a factor of 912907977?
True
Does 58 divide 1944247476?
False
Is 8489478 a multiple of 2?
True
Is 548 a factor of 5707329580?
True
Does 147 divide 3749918784?
False
Does 20 divide 39846368?
False
Is 7101 a factor of 739299312?
True
Is 1872816880 a multiple of 12?
False
Does 8 divide 553320331?
False
Does 1052 divide 126240?
True
Is 106 a factor of 1122299149?
False
Is 13752342 a multiple of 18?
True
Does 1801 divide 38521808?
False
Is 255 a factor of 18393870?
False
Is 106335290 a multiple of 326?
False
Is 1718 a factor of 1595624550?
False
Is 68 a factor of 238138992?
True
Is 40 a factor of 649910756?
False
Is 143709984 a multiple of 2776?
False
Is 1069 a factor of 205238379?
True
Does 5962 divide 154034232?
True
Is 11 a factor of 88426162?
True
Is 39852376 a multiple of 36?
False
Does 17 divide 59025717?
True
Does 2517 divide 2033033757?
True
Is 465945659 a multiple of 3252?
False
Is 2 a factor of 510996?
True
Is 10403105 a multiple of 185?
True
Does 1271 divide 99235429?
False
Is 2756699034 a multiple of 8001?
False
Is 11 a factor of 1569575987?
False
Is 10 a factor of 27923017?
False
Does 31 divide 57115827?
False
Is 1609499791 a multiple of 5876?
False
Is 6 a factor of 3083152?
False
Does 15 divide 4868644605?
True
Does 1172 divide 255213237?
False
Is 4954 a factor of 691771606?
True
Is 2835205296 a multiple of 12?
True
Does 2665 divide 64901860?
False
Does 45 divide 63292230?
True
Does 1259 divide 1191415485?
False
Does 18 divide 2471742?
True
Does 10 divide 27909172?
False
Is 12 a factor of 43332109?
False
Is 64825950 a multiple of 25?
True
Is 26 a factor o